se 5*y - o = 4517, -8 = -k*o + 36*o. List the prime factors of y.
3, 7, 43
Suppose -9*p + 3*p + 18 = 0. Let l be (-2)/(-3) - (-25)/p. Suppose 0 = l*k - 4*k - 375. List the prime factors of k.
3, 5
Let x be (0 + -42)*(-1)/1. Let i = 45 - x. Suppose -5*n = -2*o - 772 + 230, 0 = -4*n - i*o + 452. List the prime factors of n.
2, 5, 11
Let w(q) = -717*q**3 + 14*q**2 + 33*q + 4. List the prime factors of w(-3).
2, 5, 7, 277
Suppose 125*u - 452057 - 302634 = -6*u. What are the prime factors of u?
7, 823
Let q(a) = -568*a**3 + 65*a**2 + 304*a + 19. List the prime factors of q(-5).
2, 3, 5927
Suppose -37*n + 2*n + 246810 = -20*n. What are the prime factors of n?
2, 19, 433
Let x = 52 + -30. Let y be (x/(-5))/((-8)/240). Suppose -b + 3*w = -1 - 22, 2*w + y = 4*b. List the prime factors of b.
5, 7
Let w be 4/(-14) + (-1958)/7. Let d be (1 - (-2)/(-4))/(4/w). What are the prime factors of 36/21*(0 - d)?
2, 3, 5
Let w = -505 + 490. Let n(q) = -72*q - 49. List the prime factors of n(w).
1031
Suppose 0 = -g - 25 + 24. Let c be g/(-2 + 1) + -2. What are the prime factors of 1*c*3 - (-4 - 102)?
103
Suppose -10 = g + 5*w - w, -5*w = -5*g + 25. Suppose -g*q = -5*z - 45, 4*z = -0*q - 5*q - 36. List the prime factors of 2/((-6)/z) - -164.
167
Let b = -2929 + 3357. What are the prime factors of b?
2, 107
Suppose -3*i + 4*j + 0*j = -23, -j - 22 = -4*i. List the prime factors of 55/(-10)*-58 - i.
2, 157
Let p(j) = 50*j - 48. Let y = -208 + 215. List the prime factors of p(y).
2, 151
Let a(r) = r - 1. Let x be a(-13). Let g = x + 18. Suppose 5*m - 72 = g*l + 17, 3*l = 12. What are the prime factors of m?
3, 7
Suppose -z + 4*i = -33757, -36*z - i = -38*z + 67458. List the prime factors of z.
5, 19, 71
Suppose -1371*q = -1373*q + 4. Suppose 267 = 5*t - 2*t - 3*s, -q*t + 186 = 2*s. What are the prime factors of t?
7, 13
Suppose -42883 - 11829 = 3*z - 10*z. List the prime factors of z.
2, 977
Suppose 46*f - 34029 = -4*h + 41*f, 2*f = -h + 8511. List the prime factors of h.
8501
Suppose -2549 = 6*m + 1429. Let o = 1071 + m. What are the prime factors of o?
2, 3, 17
Suppose -62 + 176 = 6*t. What are the prime factors of (t/5 + -5)/(4/(-2810))?
3, 281
Let t be (357/(-9))/((-1253)/(-126) - 10). Suppose 0 = -2*v + 4*m - 0*m + 464, 3*m - t = -3*v. List the prime factors of v.
2, 59
Let v be (10310/(-45)*-3)/(1/(-9)). List the prime factors of 4/5 - v/30.
3, 23
Let h(c) = 92*c**2 + 14*c + 51. Let j be h(-3). Suppose -3*k + j = -2*k + 5*i, 2*k + 4*i = 1650. What are the prime factors of k?
19, 43
Let m(p) = 4*p + 474. Let l(y) = -y**3 - y**2 + 2*y + 2. Let v be l(-1). List the prime factors of m(v).
2, 3, 79
Let k be -8 + (646 - (5 - -4)). Let i = k - 500. What are the prime factors of i?
3, 43
Let x(t) be the first derivative of -t**4/4 + 10*t**3/3 - 4*t**2 + 11*t - 24. Let v be (-2)/(-1) + 2 + 1. What are the prime factors of x(v)?
2, 3
Suppose -2*r - 3*r = -15. Let p = -259 + 282. Suppose -2*u + 25 = -r*q, q = -2*u + 2*q + p. List the prime factors of u.
11
Suppose z = -3*l + 23156, 5*z - 19*l = -24*l + 115850. List the prime factors of z.
7, 11, 43
Let h be (15 - 44)/(1 - (0 - 0)). Let m = h + -31. Let w = 115 + m. List the prime factors of w.
5, 11
Suppose 4*r + 4*x - 34812 = 0, 27*r - 2*x = 26*r + 8700. What are the prime factors of r?
2, 19, 229
Suppose -n = 10*m - 6*m - 4, 3 = 3*m. What are the prime factors of 1628/4 + n/(-4) + -3?
2, 101
Suppose -3415 + 751 = 3*a. List the prime factors of a/(-6 + (-63)/(-14)).
2, 37
Suppose -5*a + 5*d + 47895 = 0, 5*a - 3*d - 12010 = 35883. What are the prime factors of a?
2, 4789
Let a(u) = -u**3 + 5*u**2 - 4*u + 1. Suppose -5*g + z + 19 - 4 = 0, 2*g - 33 = -5*z. Let j be a(g). List the prime factors of (3 - j)/(2/21).
3, 7
Suppose 4*y + f + 24 = -f, 0 = y - f. Let z(u) = -2*u**3 - 6*u**2 - 4*u - 10. Let v be z(y). Suppose 370 = 40*j - v*j. List the prime factors of j.
5, 37
Let t be -1*(-3*2/(-2))/(-1). Suppose -37 = -2*y + 3*s - 9, 27 = t*y + 3*s. What are the prime factors of (y/(110/144))/((-2)/(-10))?
2, 3
Let q(y) = 8*y**3 - 291*y**2 - 123*y - 56. List the prime factors of q(41).
2, 28549
Let n = 429 + -257. Suppose 5*o - n = 3*o. What are the prime factors of o?
2, 43
Let i(k) = 1494*k - 890. What are the prime factors of i(16)?
2, 37, 311
Suppose 42*w + 37*w = 57*w + 110. Let k be 2/8 + 2846/8. Suppose p + k = w*p. What are the prime factors of p?
89
Let j be -2 + 3 + (-1)/(-1) + 2. Suppose 212 = 4*c - 4*w, 0 = j*c + c - 3*w - 275. List the prime factors of c.
2, 29
Let s be ((-572)/(-55))/(2/(-5)). List the prime factors of 6447/91 + (-4)/s.
71
Let i(w) = w**2 - 10*w - 8. Let y be i(11). Let j(s) = -6 - 5 + 5 + 29*s**y - 3*s + 10*s**2 - 30*s**3. What are the prime factors of j(5)?
2, 13
Suppose -s - 63 = -10*s. Let l be (2 + -2)/(-6 + s). Suppose l = -6*m + 718 + 212. List the prime factors of m.
5, 31
Suppose 2*z = -y + 3 - 6, -5*y = 3*z + 36. Let v be ((8 - 0) + -3)*y/(-15). Suppose 2*f - v*m - 68 = 25, 3*f + 3*m - 132 = 0. What are the prime factors of f?
3, 5
Suppose 180*s = 2545688 + 237472. What are the prime factors of s?
2, 3, 859
Let x = 50199 - 2308. List the prime factors of x.
83, 577
Suppose 0 = 5*v - 4*b - 64142, -3*v - 3*b + 18688 = -19808. List the prime factors of v.
2, 5, 1283
Let l be ((-8750)/12)/(-5) + 21/126. Suppose o - 5*i + i - l = 0, -o + i = -146. List the prime factors of o.
2, 73
Let q(g) = 138*g**3 + g**2 + g - 5. Let v be 2/13 - (216/(-117) - 0). What are the prime factors of q(v)?
5, 13, 17
Let h = 4899 + -1265. List the prime factors of h.
2, 23, 79
Suppose 10*h + 12465 = 19*h. Suppose 5*d = -6*s + 4*s + h, s - 2*d - 715 = 0. What are the prime factors of s?
3, 5, 47
Suppose 0 = -4*u - 7 + 7. Suppose 0*p - p = u. Suppose p = 11*w - 7*w - 364. List the prime factors of w.
7, 13
Let y be (51 + -30)/(1*-3). List the prime factors of 190*(y/(84/(-90)) - 2).
5, 11, 19
Suppose 3*f + 4*c - 22 = 0, -2*f + c = -0*c. Suppose -5*i + 2*i - 153 = -2*n, 0 = -5*n + f*i + 399. List the prime factors of n.
3
Suppose 2*z + 5*h = 42503, 76*h = 78*h - 14. What are the prime factors of z?
2, 3, 3539
Let j = -325 - -815. Suppose -d + j = -104. What are the prime factors of d?
2, 3, 11
Let r be (31 - (-20 - -9))*2/(-3). List the prime factors of ((-1407)/r)/(2/8 + 0).
3, 67
Let i = 745 + -659. Suppose 3*y - 103 = 83. Suppose y = t - i. List the prime factors of t.
2, 37
Suppose -12*o = 74*o - 1999715 - 1402273. What are the prime factors of o?
2, 3, 19, 347
Let r(z) = -3*z**2 + 16*z - 5. Let q be r(5). Let j(v) = 5*v + 28. Let i(x) = -4*x - 29. Let n(d) = -6*i(d) - 4*j(d). List the prime factors of n(q).
2, 31
Let v be (-1 - -21)*(-53)/(-212). What are the prime factors of (v/(-3) - -1)/(32/(-30000))?
5
Let a(i) = 72*i - 643. Let k be a(9). Suppose -5*f + 2*h - 13 = -186, 2*h = 2. Suppose 2*l + 3*l - f = -k*n, -n + 3*l = -27. What are the prime factors of n?
2, 3
Suppose 5*u = 5*j - 4875, 509 = 5*j + 2*u - 4387. Let b = j + -584. List the prime factors of b.
2, 197
Let c = 77 + -61. Suppose 2*z + c = 26. Suppose -2*y + 4*o + 404 = 0, 223 = 4*y - z*o - 594. What are the prime factors of y?
2, 13
Let g be -1 - (-7 + (-9)/(-3)) - -3. Let l be ((-4)/g)/((-2)/(-3)). Let d(r) = -227*r**3 + r**2 + 3*r + 2. What are the prime factors of d(l)?
227
Suppose 0 = -4*x - 24, -31072 = -2*w - 191*x + 193*x. List the prime factors of w.
2, 5, 1553
Let d(s) = s + 56. Let h be d(0). Suppose -m = -5*k + 12, -m + k + 15 = 5*k. Suppose 4*y = m*y + h. What are the prime factors of y?
2, 7
Let j(m) be the second derivative of 71*m**3/6 + 2*m**2 - 11*m. Let r be j(1). Let o = r - 26. What are the prime factors of o?
7
Let y(m) = -m**3 - 23*m**2 - 10*m + 25. Let b be y(-20). What are the prime factors of 6/(-12) + -3 + b/(-6)?
3, 53
Let b(j) = -33 - 17*j - 73*j - 27. List the prime factors of b(-4).
2, 3, 5
Let i(q) = 4*q**2 + 17*q + 5. Let y = -39 - -14. Let l(n) = n**3 + 26*n**2 + 27*n + 44. Let p be l(y). What are the prime factors of i(p)?
47
Let f = 12087 + 26319. What are the prime factors of f?
2, 3, 37, 173
Suppose 2149 = -3*x + a, -429 = x - 3*a + 282. Let i = 1092 + x. Suppose -15*o + 20*o = i. List the prime factors of o.
3, 5
Let a(u) = u**2 - 10*u + 19. Let k be a(6). Let r be 88/(-110)*k/2. Suppose 2*y + 4 = 0, 0 = -2*x - 